s -4 + 3935?
3931
In base 14, what is -5 - 55?
-5a
In base 15, what is -3d - 88?
-c6
In base 6, what is -2 + 4224?
4222
In base 9, what is 37 + -106?
-58
In base 11, what is 1a42 - 0?
1a42
In base 6, what is 14451 + -2?
14445
In base 16, what is -2 - 80?
-82
In base 8, what is 377 + 2?
401
In base 11, what is 20a - -15?
224
In base 16, what is -385c + -2?
-385e
In base 6, what is 244311 - -1?
244312
In base 7, what is -5 - -14?
6
In base 7, what is 10466 + 4?
10503
In base 9, what is -10548 + 4?
-10544
In base 8, what is -1 + 24?
23
In base 5, what is -300 - -22?
-223
In base 8, what is 5 - 54?
-47
In base 6, what is -4 - 251?
-255
In base 16, what is -2 - 5?
-7
In base 16, what is -5b - 5f?
-ba
In base 7, what is -362 + -13?
-405
In base 8, what is -34 - -6?
-26
In base 5, what is 33 + 1?
34
In base 9, what is 3 - 57?
-54
In base 11, what is -1a - 0?
-1a
In base 8, what is -14 - 70?
-104
In base 16, what is -9 + -1a?
-23
In base 11, what is 1 + -60?
-5a
In base 11, what is 19865 + -5?
19860
In base 12, what is 9 + -11?
-4
In base 3, what is -1 - 1021?
-1022
In base 14, what is -99a - 1?
-99b
In base 5, what is -4 + 21223?
21214
In base 2, what is 1001 + 10111101?
11000110
In base 6, what is 32 - -1?
33
In base 2, what is -100 - 111010000?
-111010100
In base 6, what is 2 + 14?
20
In base 11, what is 33 + 16?
49
In base 12, what is 3 - 2b4?
-2b1
In base 15, what is b + 4?
10
In base 16, what is 3ff9 - -2?
3ffb
In base 11, what is 35260 + 1?
35261
In base 10, what is 3 + -5?
-2
In base 5, what is 1413 + -4?
1404
In base 16, what is 1 - 69e?
-69d
In base 11, what is -31a + -14?
-333
In base 11, what is 4 - -13?
17
In base 9, what is -18 - -3?
-15
In base 2, what is -1110 - 10000?
-11110
In base 11, what is -775 + -3?
-778
In base 3, what is -11121 + -110?
-12001
In base 2, what is 11111100 - 1?
11111011
In base 13, what is -50a - -6?
-504
In base 4, what is -3033 + 10?
-3023
In base 13, what is -50 - 1?
-51
In base 12, what is 22 + 4?
26
In base 6, what is -124 + 24?
-100
In base 3, what is -11 + -2111210?
-2111221
In base 8, what is -52341 + 1?
-52340
In base 12, what is -5 - 385?
-38a
In base 5, what is -1 + -104321?
-104322
In base 5, what is 2334421 - 3?
2334413
In base 6, what is -5 + -13?
-22
In base 16, what is -2 + -adb?
-add
In base 9, what is 3 + 364?
367
In base 5, what is 1321 + -3?
1313
In base 11, what is -10 - 181?
-191
In base 13, what is c85b + -1?
c85a
In base 12, what is 363 - 18?
347
In base 7, what is -1100 + -1?
-1101
In base 3, what is -201 - -2100?
1122
In base 6, what is 2 + 5104?
5110
In base 10, what is 9 + 728?
737
In base 7, what is 120 + 4?
124
In base 3, what is -1 - -1022?
1021
In base 6, what is -3 + 404?
401
In base 3, what is 1000 - -1201?
2201
In base 3, what is 2 + -1021?
-1012
In base 10, what is 0 - -19?
19
In base 11, what is 87 - -5?
91
In base 6, what is -2031 + 5?
-2022
In base 9, what is -457 - -2?
-455
In base 12, what is -25 + -12?
-37
In base 8, what is 20112 + -4?
20106
In base 6, what is 3 + -125?
-122
In base 3, what is 1020101 + 10?
1020111
In base 9, what is 210 - 2?
207
In base 6, what is 5534 + -21?
5513
In base 2, what is -1010001110 - -100?
-1010001010
In base 3, what is 21001 + 2?
21010
In base 4, what is 0 - -11121?
11121
In base 14, what is -1c + -12b?
-149
In base 10, what is 2 + -2224?
-2222
In base 6, what is 113 - 15?
54
In base 9, what is -25 + -3?
-28
In base 7, what is 2 + 43?
45
In base 5, what is -2134 - 111?
-2300
In base 12, what is -12 - 12?
-24
In base 11, what is -114 - 0?
-114
In base 16, what is -43 + -10?
-53
In base 7, what is -31 - -21?
-10
In base 10, what is -4 - 122?
-126
In base 6, what is -5 + 42?
33
In base 16, what is -1 - 1ad?
-1ae
In base 14, what is -2 - 27d?
-281
In base 12, what is -5 - a?
-13
In base 13, what is -37cc - 4?
-3803
In base 4, what is 2 + 10020?
10022
In base 6, what is -4 - -314?
310
In base 16, what is -3 - -c72?
c6f
In base 12, what is 374 + 0?
374
In base 15, what is 6 + 2c?
33
In base 15, what is 0 - 44?
-44
In base 16, what is -30 - -3?
-2d
In base 2, what is -100 + 11001?
10101
In base 7, what is -342 - -34?
-305
In base 5, what is 31231 - -1?
31232
In base 12, what is 3 + -a1?
-9a
In base 3, what is 111011 - 211?
110100
In base 15, what is 3 + 2c?
30
In base 16, what is 1f7 + 3?
1fa
In base 11, what is 190 + 10?
1a0
In base 4, what is -213 - -223?
10
In base 13, what is -1 + 2a9?
2a8
In base 4, what is 200 - -200?
1000
In base 7, what is -1624 + 2?
-1622
In base 13, what is -1682 - -2?
-1680
In base 3, what is 2 + -2211?
-2202
In base 6, what is 44 + -55?
-11
In base 13, what is -b - -122?
114
In base 9, what is 188 - -4?
203
In base 4, what is -1 + 212?
211
In base 16, what is -43 - -6?
-3d
In base 9, what is -1223 - -8?
-1214
In base 4, what is 0 - -10333?
10333
In base 10, what is -2 + 129?
127
In base 15, what is -3cc7 - -4?
-3cc3
In base 2, what is -110 - -100?
-10
In base 6, what is 111 + -10?
101
In base 9, what is -186 - -8?
-177
In base 6, what is 3 + 402?
405
In base 11, what is 5 + -45?
-40
In base 9, what is -33 - 3?
-36
In base 8, what is 30 - -16?
46
In base 3, what is -2010 + -10?
-2020
In base 11, what is 8 - 21?
-14
In base 4, what is -311 - 13023?
-20000
In base 12, what is 0 + 66b?
66b
In base 12, what is -4911 + 3?
-490a
In base 16, what is 5a3 + -4?
59f
In base 7, what is -4 + 2236?
2232
In base 3, what is 2011 - -1112?
10200
In base 10, what is -76 - -27?
-49
In base 16, what is -f8c - 3?
-f8f
In base 8, what is 531 + 3?
534
In base 15, what is 11 - -ea?
10b
In base 16, what is -b69 - -4?
-b65
In base 10, what is 799 - 5?
794
In base 4, what is 3 + 21112?
21121
In base 12, what is -4 - -8?
4
In base 14, what is 4 + -48?
-44
In base 4, what is -12022 - 3?
-12031
In base 5, what is 210 + -30?
130
In base 15, what is 9 + 62?
6b
In base 8, what is -12 - 17?
-31
In base 14, what is 352 + 4?
356
In base 10, what is -61 + -6?
-67
In base 11, what is 38 + -2?
36
In base 14, what is 2 + b?
d
In base 2, what is -100001 + -11110?
-111111
In base 7, what is 22434 + -3?
22431
In base 8, what is -1 - 563?
-564
In base 8, what is -62 - 5?
-67
In base 14, what is 0 - 10?
-10
In base 6, what is 553 + 0?
553
In base 8, what is 5 + -3337?
-3332
In base 14, what is 4 - 2d?
-29
In base 12, what is 2 - -ba?
100
In base 11, what is 2 - 204?
-202
In base 15, what is 58 + -1e?
39
In base 7, what is 20 - 52?
-32
In base 12, what is 11 - -3b?
50
In base 14, what is -4 - -7b?
77
In base 6, what is 2 - -135?
141
In base 3, what is 10 - 12102210?
-12102200
In base 11, what is 25 - -3?
28
In base 5, what is -3 - 2411?
-2414
In base 10, what is -15003 - 0?
-15003
In base 2, what is 11 + 1100000001?
1100000100
In base 9, what is -32 + 6?
-25
In base 13, what is -314 + 0?
-314
In base 9, what is 4 + -100?
-85
In base 4, what is 10 - -200?
210
In base 4, what is -23 + 1?
-22
In base 11, what is 257 - 5?
252
In base 3, what is 10222211 - -12?
11000000
In base 13, what is 0 - 347?
-347
In base 13, what is ab - -18?
c6
In base 9, what is -208 + 2?
-206
In base 11, what is 4 - 36?
-32
In base 6, what is 151 + -2?
145
In base 5, what is 12423 + -13?
12410
In base 15, what is -1ed1 + 0?
-1ed1
In base 14, what is -14 + -b?
-21
In base 12, what is -26 + -2?
-28
In base 4, what is -11 + 2110?
2033
In base 6, what is -11 + -3?
-14
In base 10, what is 45 - -767?
812
In base 5, what is -13 + -10?
-23
In base 6, what is 2 + 51421?
51423
In base 11, what is -1391 - 2?
-1393
In base 8, what is 2272 + 2?
2274
In base 5, what is -114 + 411?
242
In base 7, what is 0 + 5?
5
In base 8, what is 63 + -22?
41
In base 8, what is 14 + -206?
-172
In base 15, what is 80 + -66?
19
In base 5, what is 2 + 0?
2
In base 15, what is 17 - -1b?
33
In base 14, what is 14 + -2?
12
In base 12, what is -3 - 1218?
-121b
In base 10, what is 13 + 23?
36
In base 14, what is -4 - 740?
-744
In base 7, what is -1 + -54?
-55
In base 10, what is 1 - 648?
-647
In base 3, what is -220 - -100?
-120
In base 5, what is -4 + 2000?
1441
In base 6, what is -2145 - 3?
-2152
In base 5, what is 42 - -33?
130
In base 5, what is 3303 + -4?
3244
In base 13, what is 2c9 - -2?
2cb
In base 7, what is 4 + 2?
6
In base 10, what is 3 + -2563?
-2560
In base 14, what is -22a + -1?
-22b
In base 7, what is 3 - -125